at is the highest common factor of 1152 and 2332?
4
Calculate the highest common factor of 16581 and 9.
3
What is the greatest common factor of 1283772 and 3213?
357
What is the greatest common divisor of 77 and 14344?
11
Calculate the greatest common factor of 728646 and 66.
6
Calculate the greatest common divisor of 957 and 22209.
33
What is the highest common divisor of 144 and 59742?
18
Calculate the highest common divisor of 105362 and 2.
2
Calculate the greatest common factor of 11033 and 2992.
187
Calculate the greatest common divisor of 99 and 16973.
11
What is the highest common divisor of 3088 and 558542?
386
What is the highest common divisor of 790246 and 1652?
118
What is the highest common divisor of 6132 and 2701?
73
What is the greatest common factor of 8918 and 364?
182
Calculate the greatest common divisor of 78 and 164814.
78
Calculate the highest common factor of 357 and 89964.
357
What is the highest common factor of 5954 and 1404?
26
Calculate the highest common divisor of 1384 and 14584.
8
What is the greatest common divisor of 13 and 249119?
13
Calculate the greatest common factor of 56 and 10108.
28
Calculate the greatest common factor of 4 and 2334.
2
What is the highest common divisor of 288 and 3872?
32
What is the highest common divisor of 1644366 and 18?
6
What is the greatest common factor of 425 and 10?
5
Calculate the highest common divisor of 20039 and 58.
29
What is the greatest common divisor of 30975 and 3186?
177
Calculate the greatest common divisor of 10626 and 336.
42
What is the highest common factor of 20 and 866650?
10
Calculate the greatest common divisor of 2827 and 40606.
257
What is the highest common divisor of 132916 and 48?
4
Calculate the greatest common factor of 60 and 309990.
30
What is the highest common divisor of 814 and 2275944?
814
What is the greatest common divisor of 3422 and 406?
58
What is the greatest common divisor of 136340 and 12240?
340
What is the greatest common factor of 74 and 25641?
37
Calculate the greatest common factor of 428054 and 88.
22
Calculate the highest common divisor of 533 and 1166491.
41
What is the greatest common divisor of 768 and 153984?
384
Calculate the highest common factor of 796746 and 13014.
1446
Calculate the highest common divisor of 772 and 376543.
193
Calculate the highest common factor of 219924 and 9.
9
What is the highest common factor of 5355 and 3465?
315
Calculate the highest common divisor of 258720 and 96.
96
Calculate the highest common divisor of 116 and 18647.
29
What is the highest common factor of 1421 and 26593?
203
Calculate the greatest common divisor of 53567 and 136.
17
Calculate the highest common divisor of 7486 and 5586.
38
What is the greatest common divisor of 67550 and 6300?
350
Calculate the greatest common factor of 209568 and 531.
177
Calculate the highest common factor of 918 and 131002.
34
What is the highest common factor of 885336 and 222?
222
What is the greatest common divisor of 1629628 and 56?
28
What is the highest common divisor of 741 and 532?
19
What is the highest common divisor of 10574 and 4590?
34
What is the greatest common divisor of 296592 and 2442?
222
Calculate the greatest common factor of 4432 and 1194978.
554
What is the highest common factor of 202 and 718009?
101
What is the greatest common divisor of 848104 and 32?
8
What is the greatest common factor of 595 and 429335?
85
Calculate the highest common factor of 70 and 4559065.
35
What is the greatest common divisor of 992326 and 2?
2
Calculate the highest common divisor of 126 and 4382.
14
What is the greatest common factor of 2066 and 932799?
1033
Calculate the greatest common factor of 2080 and 2320.
80
Calculate the highest common factor of 166 and 1537658.
166
Calculate the greatest common factor of 4446 and 21502.
26
What is the highest common factor of 4144 and 5530168?
2072
What is the greatest common factor of 992 and 654596?
124
What is the highest common divisor of 656098 and 782?
782
Calculate the highest common divisor of 539672 and 2254.
322
Calculate the greatest common divisor of 461 and 660613.
461
Calculate the greatest common divisor of 4921 and 6251.
133
Calculate the highest common divisor of 3087 and 2065.
7
Calculate the greatest common divisor of 17 and 260950.
17
Calculate the greatest common divisor of 19123 and 6838.
13
What is the highest common divisor of 290 and 173130?
290
What is the highest common divisor of 940616 and 8?
8
Calculate the greatest common divisor of 150 and 510.
30
What is the greatest common factor of 15810 and 323175?
465
Calculate the highest common divisor of 18737 and 41.
41
What is the highest common divisor of 1085 and 1099?
7
What is the highest common divisor of 108095 and 260?
65
What is the greatest common factor of 409350 and 775?
25
What is the highest common divisor of 2246707 and 86?
43
Calculate the greatest common divisor of 11243510 and 10.
10
Calculate the greatest common divisor of 524 and 776044.
524
Calculate the greatest common factor of 144 and 54396.
36
Calculate the highest common factor of 50868 and 1044.
36
Calculate the highest common divisor of 27630 and 62014.
614
Calculate the greatest common divisor of 376 and 57011.
47
Calculate the greatest common divisor of 752827 and 206.
103
What is the greatest common divisor of 12012 and 532?
28
Calculate the highest common divisor of 568 and 215201.
71
What is the greatest common factor of 191092 and 430?
86
What is the highest common factor of 315 and 203385?
105
What is the highest common divisor of 7871 and 5287?
17
Calculate the greatest common divisor of 116 and 6206.
58
Calculate the highest common divisor of 564 and 669.
3
Calculate the greatest common factor of 5148 and 1418976.
468
What is the highest common divisor of 3157 and 77203?
287
Calculate the greatest common divisor of 4697 and 43813.
77
What is the highest common factor of 720 and 166260?
60
What is the highest common divisor of 2064 and 3589984?
688
Calculate the greatest common factor of 6070 and 25.
5
What is the highest common factor of 2162 and 2491?
47
What is the highest common factor of 1910 and 50?
10
What is the highest common factor of 3254336 and 24?
8
What is the greatest common factor of 4320 and 17520?
240
What is the greatest common factor of 48032 and 238896?
1264
Calculate the greatest common factor of 1023 and 2976.
93
Calculate the greatest common divisor of 635100 and 7975.
725
Calculate the highest common divisor of 45518 and 1958.
22
Calculate the highest common divisor of 2 and 43322.
2
What is the highest common factor of 1602 and 486?
18
Calculate the greatest common divisor of 1888 and 336.
16
What is the greatest common divisor of 1752 and 38232?
24
What is the highest common factor of 2150 and 388075?
1075
What is the highest common factor of 15582 and 7350?
294
What is the greatest common divisor of 13 and 226759?
13
Calculate the highest common divisor of 4150 and 7450.
50
Calculate the highest common factor of 14 and 264866.
14
What is the greatest common divisor of 356 and 237808?
356
What is the highest common factor of 85614 and 53321?
751
What is the greatest common divisor of 17112 and 4094?
46
What is the highest common factor of 330 and 56265?
165
What is the greatest common factor of 117 and 39177?
9
What is the greatest common divisor of 1269 and 15369?
141
Calculate the greatest common factor of 125910 and 10.
10
What is the highest common factor of 1230 and 6450?
30
What is the greatest common divisor of 191890 and 310?
310
What is the highest common factor of 88 and 2448424?
88
What is the highest common factor of 4197135 and 1095?
1095
Calculate the greatest common factor of 16 and 8609784.
8
What is the highest common factor of 10258 and 92?
46
What is the greatest common divisor of 113562 and 3483?
81
What is the greatest common divisor of 10780 and 14210?
490
Calculate the greatest common factor of 316 and 49454.
158
Calculate the greatest common divisor of 562 and 98069.
281
What is the greatest common factor of 12 and 27184?
4
Calculate the highest common divisor of 1659 and 20382.
237
What is the highest common divisor of 20 and 161380?
20
Calculate the highest common divisor of 20096 and 24.
8
